{"id":203,"date":"2022-09-01T16:27:27","date_gmt":"2022-09-01T16:27:27","guid":{"rendered":"https:\/\/graphos.com.uy\/ENERGIMUNDO\/?page_id=203"},"modified":"2022-09-01T16:27:58","modified_gmt":"2022-09-01T16:27:58","slug":"quienes-somos","status":"publish","type":"page","link":"https:\/\/graphos.com.uy\/ENERGIMUNDO\/quienes-somos\/","title":{"rendered":"Quienes somos"},"content":{"rendered":"[vc_row type=&#8221;in_container&#8221; full_screen_row_position=&#8221;middle&#8221; column_margin=&#8221;default&#8221; scene_position=&#8221;center&#8221; text_color=&#8221;dark&#8221; text_align=&#8221;left&#8221; top_padding=&#8221;4%&#8221; bottom_padding=&#8221;3%&#8221; id=&#8221;parque&#8221; overlay_strength=&#8221;0.3&#8243; shape_divider_position=&#8221;bottom&#8221; bg_image_animation=&#8221;none&#8221; shape_type=&#8221;&#8221;][vc_column column_padding=&#8221;no-extra-padding&#8221; column_padding_position=&#8221;all&#8221; background_color_opacity=&#8221;1&#8243; background_hover_color_opacity=&#8221;1&#8243; column_link_target=&#8221;_self&#8221; column_shadow=&#8221;none&#8221; column_border_radius=&#8221;none&#8221; width=&#8221;1\/1&#8243; tablet_width_inherit=&#8221;default&#8221; tablet_text_alignment=&#8221;default&#8221; phone_text_alignment=&#8221;default&#8221; overlay_strength=&#8221;0.3&#8243; column_border_width=&#8221;none&#8221; column_border_style=&#8221;solid&#8221; bg_image_animation=&#8221;none&#8221;][vc_text_separator title=&#8221;QUIENES SOMOS&#8221; title_align=&#8221;separator_align_left&#8221; color=&#8221;custom&#8221; border_width=&#8221;5&#8243; accent_color=&#8221;#00bbb4&#8243; el_class=&#8221;title_color&#8221;][vc_row_inner column_margin=&#8221;default&#8221; text_align=&#8221;left&#8221;][vc_column_inner column_padding=&#8221;no-extra-padding&#8221; column_padding_position=&#8221;all&#8221; background_color_opacity=&#8221;1&#8243; background_hover_color_opacity=&#8221;1&#8243; column_shadow=&#8221;none&#8221; column_border_radius=&#8221;none&#8221; column_link_target=&#8221;_self&#8221; width=&#8221;1\/2&#8243; tablet_width_inherit=&#8221;default&#8221; overlay_strength=&#8221;0.3&#8243; column_border_width=&#8221;none&#8221; column_border_style=&#8221;solid&#8221; bg_image_animation=&#8221;none&#8221;][vc_column_text]\n<h3><strong>Qui\u00e9nes somos<\/strong><\/h3>\n<p>Somos un museo interactivo de energ\u00edas renovables perteneciente a <u>Salto Grande<\/u>.<\/p>\n<p>Dise\u00f1ado para todo p\u00fablico, inclusivo, sustentable y din\u00e1mico, estamos situados en el Complejo Hidroel\u00e9ctrico de Salto Grande, predio de la margen uruguaya, y nos desarrollamos en espacios cubiertos y al aire libre sobre una extensi\u00f3n de dos hect\u00e1reas. (Ver mapa)<\/p>\n<p>Un edificio principal, un sendero exterior con exhibiciones, un Escenario a Pedal, un Cine Geod\u00e9sico y seis estaciones de energ\u00edas conforman nuestro espacio.<\/p>\n<p>Somos una apuesta al futuro, al desarrollo cient\u00edfico y al est\u00edmulo, creaci\u00f3n y difusi\u00f3n de experiencias creativas.[\/vc_column_text][vc_column_text]\n<h3><strong>Misi\u00f3n<\/strong><\/h3>\n<p>Inspirar y educar sobre la importancia de las energ\u00edas renovables a trav\u00e9s de espacios interactivos que fomenten el conocimiento cient\u00edfico, tecnol\u00f3gico y cultural. Dise\u00f1ar y construir un producto integral, accesible y \u00fatil que genere bienestar en su entorno y en la sociedad en su conjunto.<\/p>\n<h3><strong>Visi\u00f3n<\/strong><\/h3>\n<p>Constituirnos en un centro de referencia del conocimiento y la difusi\u00f3n cient\u00edfica y tecnol\u00f3gica en la regi\u00f3n y un polo de atracci\u00f3n tur\u00edstica para estudiantes y visitantes. Enriquecer la vida de las personas mediante la apropiaci\u00f3n del conocimiento.[\/vc_column_text][\/vc_column_inner][vc_column_inner column_padding=&#8221;no-extra-padding&#8221; column_padding_position=&#8221;all&#8221; background_color_opacity=&#8221;1&#8243; background_hover_color_opacity=&#8221;1&#8243; column_shadow=&#8221;none&#8221; column_border_radius=&#8221;none&#8221; column_link_target=&#8221;_self&#8221; width=&#8221;1\/2&#8243; tablet_width_inherit=&#8221;default&#8221; overlay_strength=&#8221;0.3&#8243; column_border_width=&#8221;none&#8221; column_border_style=&#8221;solid&#8221; bg_image_animation=&#8221;none&#8221;][vc_column_text]\n<h3><strong>Objetivos<\/strong><\/h3>\n<p>Salto Grande decidi\u00f3 crear este proyecto con el objetivo de inspirar y educar sobre la importancia de las energ\u00edas renovables, para constituirse en un centro de referencia del conocimiento y la difusi\u00f3n cient\u00edfica y tecnol\u00f3gica en la regi\u00f3n y un polo de atracci\u00f3n tur\u00edstica para estudiantes y visitantes.<\/p>\n<p>Queremos estimular la creatividad, experimentar, aprender con diversi\u00f3n y construir conocimientos para el desarrollo y el bienestar de la ciudad, el pa\u00eds y la regi\u00f3n.<\/p>\n<p>&#8211; Constituirnos en centro de referencia del conocimiento cient\u00edfico y tecnol\u00f3gico.<\/p>\n<p>&#8211; Diversificar la propuesta de visitas al Complejo Hidroel\u00e9ctrico, contribuyendo al desarrollo tur\u00edstico de la regi\u00f3n.<\/p>\n<p>&#8211; Estimular el conocimiento cient\u00edfico mediante la experimentaci\u00f3n y el juego.<\/p>\n<p>&#8211; Generar un nuevo v\u00ednculo de inter\u00e9s acad\u00e9mico.<\/p>\n<p>&#8211; Actuar como respaldo y contrapartida de las carreras y planes de estudios con orientaci\u00f3n cient\u00edfica.<\/p>\n<p>&#8211; Aprovechar el entorno, respetando los espacios f\u00edsicos y naturales.[\/vc_column_text][\/vc_column_inner][\/vc_row_inner][\/vc_column][\/vc_row][vc_row type=&#8221;full_width_content&#8221; full_screen_row_position=&#8221;middle&#8221; column_margin=&#8221;default&#8221; scene_position=&#8221;center&#8221; text_color=&#8221;dark&#8221; text_align=&#8221;left&#8221; overlay_strength=&#8221;0.3&#8243; shape_divider_position=&#8221;bottom&#8221; bg_image_animation=&#8221;none&#8221; shape_type=&#8221;&#8221;][vc_column column_padding=&#8221;padding-4-percent&#8221; column_padding_position=&#8221;left&#8221; background_color_opacity=&#8221;1&#8243; background_hover_color_opacity=&#8221;1&#8243; column_link_target=&#8221;_self&#8221; column_shadow=&#8221;none&#8221; column_border_radius=&#8221;none&#8221; width=&#8221;1\/3&#8243; tablet_width_inherit=&#8221;default&#8221; tablet_text_alignment=&#8221;default&#8221; phone_text_alignment=&#8221;default&#8221; overlay_strength=&#8221;0.3&#8243; column_border_width=&#8221;none&#8221; column_border_style=&#8221;solid&#8221; bg_image_animation=&#8221;none&#8221;][image_with_animation image_url=&#8221;20&#8243; alignment=&#8221;&#8221; animation=&#8221;Fade In&#8221; hover_animation=&#8221;none&#8221; border_radius=&#8221;none&#8221; box_shadow=&#8221;none&#8221; image_loading=&#8221;default&#8221; max_width=&#8221;100%&#8221; max_width_mobile=&#8221;default&#8221;][\/vc_column][vc_column column_padding=&#8221;no-extra-padding&#8221; column_padding_position=&#8221;all&#8221; background_color_opacity=&#8221;1&#8243; background_hover_color_opacity=&#8221;1&#8243; column_link_target=&#8221;_self&#8221; column_shadow=&#8221;none&#8221; column_border_radius=&#8221;none&#8221; width=&#8221;1\/3&#8243; tablet_width_inherit=&#8221;default&#8221; tablet_text_alignment=&#8221;default&#8221; phone_text_alignment=&#8221;default&#8221; overlay_strength=&#8221;0.3&#8243; column_border_width=&#8221;none&#8221; column_border_style=&#8221;solid&#8221; bg_image_animation=&#8221;none&#8221;][\/vc_column][vc_column column_padding=&#8221;no-extra-padding&#8221; column_padding_position=&#8221;all&#8221; background_color_opacity=&#8221;1&#8243; background_hover_color_opacity=&#8221;1&#8243; column_link_target=&#8221;_self&#8221; column_shadow=&#8221;none&#8221; column_border_radius=&#8221;none&#8221; width=&#8221;1\/3&#8243; tablet_width_inherit=&#8221;default&#8221; tablet_text_alignment=&#8221;default&#8221; phone_text_alignment=&#8221;default&#8221; overlay_strength=&#8221;0.3&#8243; column_border_width=&#8221;none&#8221; column_border_style=&#8221;solid&#8221; bg_image_animation=&#8221;none&#8221;][\/vc_column][\/vc_row]\n","protected":false},"excerpt":{"rendered":"<p>[vc_row type=&#8221;in_container&#8221; full_screen_row_position=&#8221;middle&#8221; column_margin=&#8221;default&#8221; scene_position=&#8221;center&#8221; text_color=&#8221;dark&#8221; text_align=&#8221;left&#8221; top_padding=&#8221;4%&#8221; bottom_padding=&#8221;3%&#8221; id=&#8221;parque&#8221; overlay_strength=&#8221;0.3&#8243; shape_divider_position=&#8221;bottom&#8221; bg_image_animation=&#8221;none&#8221; shape_type=&#8221;&#8221;][vc_column column_padding=&#8221;no-extra-padding&#8221; column_padding_position=&#8221;all&#8221; background_color_opacity=&#8221;1&#8243; background_hover_color_opacity=&#8221;1&#8243; column_link_target=&#8221;_self&#8221; column_shadow=&#8221;none&#8221; column_border_radius=&#8221;none&#8221; width=&#8221;1\/1&#8243; tablet_width_inherit=&#8221;default&#8221; tablet_text_alignment=&#8221;default&#8221; phone_text_alignment=&#8221;default&#8221; overlay_strength=&#8221;0.3&#8243; column_border_width=&#8221;none&#8221; column_border_style=&#8221;solid&#8221; bg_image_animation=&#8221;none&#8221;][vc_text_separator title=&#8221;QUIENES&#8230;<\/p>\n","protected":false},"author":1,"featured_media":0,"parent":0,"menu_order":0,"comment_status":"closed","ping_status":"closed","template":"","meta":{"nf_dc_page":"","om_disable_all_campaigns":false,"footnotes":""},"class_list":["post-203","page","type-page","status-publish"],"yoast_head":"<!-- This site is optimized with the Yoast SEO plugin v27.5 - https:\/\/yoast.com\/product\/yoast-seo-wordpress\/ -->\n<title>Quienes somos - ENERGIMUNDO<\/title>\n<meta name=\"robots\" content=\"index, follow, max-snippet:-1, max-image-preview:large, max-video-preview:-1\" \/>\n<link rel=\"canonical\" href=\"https:\/\/graphos.com.uy\/ENERGIMUNDO\/quienes-somos\/\" \/>\n<meta property=\"og:locale\" content=\"es_ES\" \/>\n<meta property=\"og:type\" content=\"article\" \/>\n<meta property=\"og:title\" content=\"Quienes somos - ENERGIMUNDO\" \/>\n<meta property=\"og:description\" content=\"[vc_row type=&#8221;in_container&#8221; full_screen_row_position=&#8221;middle&#8221; column_margin=&#8221;default&#8221; scene_position=&#8221;center&#8221; text_color=&#8221;dark&#8221; text_align=&#8221;left&#8221; top_padding=&#8221;4%&#8221; bottom_padding=&#8221;3%&#8221; id=&#8221;parque&#8221; overlay_strength=&#8221;0.3&#8243; shape_divider_position=&#8221;bottom&#8221; bg_image_animation=&#8221;none&#8221; shape_type=&#8221;&#8221;][vc_column column_padding=&#8221;no-extra-padding&#8221; column_padding_position=&#8221;all&#8221; background_color_opacity=&#8221;1&#8243; background_hover_color_opacity=&#8221;1&#8243; column_link_target=&#8221;_self&#8221; column_shadow=&#8221;none&#8221; column_border_radius=&#8221;none&#8221; width=&#8221;1\/1&#8243; tablet_width_inherit=&#8221;default&#8221; tablet_text_alignment=&#8221;default&#8221; phone_text_alignment=&#8221;default&#8221; overlay_strength=&#8221;0.3&#8243; column_border_width=&#8221;none&#8221; column_border_style=&#8221;solid&#8221; bg_image_animation=&#8221;none&#8221;][vc_text_separator title=&#8221;QUIENES...\" \/>\n<meta property=\"og:url\" content=\"https:\/\/graphos.com.uy\/ENERGIMUNDO\/quienes-somos\/\" \/>\n<meta property=\"og:site_name\" content=\"ENERGIMUNDO\" \/>\n<meta property=\"article:modified_time\" content=\"2022-09-01T16:27:58+00:00\" \/>\n<meta name=\"twitter:card\" content=\"summary_large_image\" \/>\n<meta name=\"twitter:label1\" content=\"Tiempo de lectura\" \/>\n\t<meta name=\"twitter:data1\" content=\"3 minutos\" \/>\n<script type=\"application\/ld+json\" class=\"yoast-schema-graph\">{\"@context\":\"https:\\\/\\\/schema.org\",\"@graph\":[{\"@type\":\"WebPage\",\"@id\":\"https:\\\/\\\/graphos.com.uy\\\/ENERGIMUNDO\\\/quienes-somos\\\/\",\"url\":\"https:\\\/\\\/graphos.com.uy\\\/ENERGIMUNDO\\\/quienes-somos\\\/\",\"name\":\"Quienes somos - ENERGIMUNDO\",\"isPartOf\":{\"@id\":\"https:\\\/\\\/graphos.com.uy\\\/ENERGIMUNDO\\\/#website\"},\"datePublished\":\"2022-09-01T16:27:27+00:00\",\"dateModified\":\"2022-09-01T16:27:58+00:00\",\"breadcrumb\":{\"@id\":\"https:\\\/\\\/graphos.com.uy\\\/ENERGIMUNDO\\\/quienes-somos\\\/#breadcrumb\"},\"inLanguage\":\"es\",\"potentialAction\":[{\"@type\":\"ReadAction\",\"target\":[\"https:\\\/\\\/graphos.com.uy\\\/ENERGIMUNDO\\\/quienes-somos\\\/\"]}]},{\"@type\":\"BreadcrumbList\",\"@id\":\"https:\\\/\\\/graphos.com.uy\\\/ENERGIMUNDO\\\/quienes-somos\\\/#breadcrumb\",\"itemListElement\":[{\"@type\":\"ListItem\",\"position\":1,\"name\":\"Home\",\"item\":\"https:\\\/\\\/graphos.com.uy\\\/ENERGIMUNDO\\\/\"},{\"@type\":\"ListItem\",\"position\":2,\"name\":\"Quienes somos\"}]},{\"@type\":\"WebSite\",\"@id\":\"https:\\\/\\\/graphos.com.uy\\\/ENERGIMUNDO\\\/#website\",\"url\":\"https:\\\/\\\/graphos.com.uy\\\/ENERGIMUNDO\\\/\",\"name\":\"ENERGIMUNDO\",\"description\":\"Parque de energ\u00edas renovables\",\"potentialAction\":[{\"@type\":\"SearchAction\",\"target\":{\"@type\":\"EntryPoint\",\"urlTemplate\":\"https:\\\/\\\/graphos.com.uy\\\/ENERGIMUNDO\\\/?s={search_term_string}\"},\"query-input\":{\"@type\":\"PropertyValueSpecification\",\"valueRequired\":true,\"valueName\":\"search_term_string\"}}],\"inLanguage\":\"es\"}]}<\/script>\n<!-- \/ Yoast SEO plugin. -->","yoast_head_json":{"title":"Quienes somos - ENERGIMUNDO","robots":{"index":"index","follow":"follow","max-snippet":"max-snippet:-1","max-image-preview":"max-image-preview:large","max-video-preview":"max-video-preview:-1"},"canonical":"https:\/\/graphos.com.uy\/ENERGIMUNDO\/quienes-somos\/","og_locale":"es_ES","og_type":"article","og_title":"Quienes somos - ENERGIMUNDO","og_description":"[vc_row type=&#8221;in_container&#8221; full_screen_row_position=&#8221;middle&#8221; column_margin=&#8221;default&#8221; scene_position=&#8221;center&#8221; text_color=&#8221;dark&#8221; text_align=&#8221;left&#8221; top_padding=&#8221;4%&#8221; bottom_padding=&#8221;3%&#8221; id=&#8221;parque&#8221; overlay_strength=&#8221;0.3&#8243; shape_divider_position=&#8221;bottom&#8221; bg_image_animation=&#8221;none&#8221; shape_type=&#8221;&#8221;][vc_column column_padding=&#8221;no-extra-padding&#8221; column_padding_position=&#8221;all&#8221; background_color_opacity=&#8221;1&#8243; background_hover_color_opacity=&#8221;1&#8243; column_link_target=&#8221;_self&#8221; column_shadow=&#8221;none&#8221; column_border_radius=&#8221;none&#8221; width=&#8221;1\/1&#8243; tablet_width_inherit=&#8221;default&#8221; tablet_text_alignment=&#8221;default&#8221; phone_text_alignment=&#8221;default&#8221; overlay_strength=&#8221;0.3&#8243; column_border_width=&#8221;none&#8221; column_border_style=&#8221;solid&#8221; bg_image_animation=&#8221;none&#8221;][vc_text_separator title=&#8221;QUIENES...","og_url":"https:\/\/graphos.com.uy\/ENERGIMUNDO\/quienes-somos\/","og_site_name":"ENERGIMUNDO","article_modified_time":"2022-09-01T16:27:58+00:00","twitter_card":"summary_large_image","twitter_misc":{"Tiempo de lectura":"3 minutos"},"schema":{"@context":"https:\/\/schema.org","@graph":[{"@type":"WebPage","@id":"https:\/\/graphos.com.uy\/ENERGIMUNDO\/quienes-somos\/","url":"https:\/\/graphos.com.uy\/ENERGIMUNDO\/quienes-somos\/","name":"Quienes somos - ENERGIMUNDO","isPartOf":{"@id":"https:\/\/graphos.com.uy\/ENERGIMUNDO\/#website"},"datePublished":"2022-09-01T16:27:27+00:00","dateModified":"2022-09-01T16:27:58+00:00","breadcrumb":{"@id":"https:\/\/graphos.com.uy\/ENERGIMUNDO\/quienes-somos\/#breadcrumb"},"inLanguage":"es","potentialAction":[{"@type":"ReadAction","target":["https:\/\/graphos.com.uy\/ENERGIMUNDO\/quienes-somos\/"]}]},{"@type":"BreadcrumbList","@id":"https:\/\/graphos.com.uy\/ENERGIMUNDO\/quienes-somos\/#breadcrumb","itemListElement":[{"@type":"ListItem","position":1,"name":"Home","item":"https:\/\/graphos.com.uy\/ENERGIMUNDO\/"},{"@type":"ListItem","position":2,"name":"Quienes somos"}]},{"@type":"WebSite","@id":"https:\/\/graphos.com.uy\/ENERGIMUNDO\/#website","url":"https:\/\/graphos.com.uy\/ENERGIMUNDO\/","name":"ENERGIMUNDO","description":"Parque de energ\u00edas renovables","potentialAction":[{"@type":"SearchAction","target":{"@type":"EntryPoint","urlTemplate":"https:\/\/graphos.com.uy\/ENERGIMUNDO\/?s={search_term_string}"},"query-input":{"@type":"PropertyValueSpecification","valueRequired":true,"valueName":"search_term_string"}}],"inLanguage":"es"}]}},"jetpack_sharing_enabled":true,"_links":{"self":[{"href":"https:\/\/graphos.com.uy\/ENERGIMUNDO\/wp-json\/wp\/v2\/pages\/203","targetHints":{"allow":["GET"]}}],"collection":[{"href":"https:\/\/graphos.com.uy\/ENERGIMUNDO\/wp-json\/wp\/v2\/pages"}],"about":[{"href":"https:\/\/graphos.com.uy\/ENERGIMUNDO\/wp-json\/wp\/v2\/types\/page"}],"author":[{"embeddable":true,"href":"https:\/\/graphos.com.uy\/ENERGIMUNDO\/wp-json\/wp\/v2\/users\/1"}],"replies":[{"embeddable":true,"href":"https:\/\/graphos.com.uy\/ENERGIMUNDO\/wp-json\/wp\/v2\/comments?post=203"}],"version-history":[{"count":2,"href":"https:\/\/graphos.com.uy\/ENERGIMUNDO\/wp-json\/wp\/v2\/pages\/203\/revisions"}],"predecessor-version":[{"id":206,"href":"https:\/\/graphos.com.uy\/ENERGIMUNDO\/wp-json\/wp\/v2\/pages\/203\/revisions\/206"}],"wp:attachment":[{"href":"https:\/\/graphos.com.uy\/ENERGIMUNDO\/wp-json\/wp\/v2\/media?parent=203"}],"curies":[{"name":"wp","href":"https:\/\/api.w.org\/{rel}","templated":true}]}}